{"id":1792,"date":"2025-10-21T18:26:25","date_gmt":"2025-10-21T17:26:25","guid":{"rendered":"https:\/\/asociacioncmysabel.es\/?page_id=1792"},"modified":"2025-10-28T10:14:18","modified_gmt":"2025-10-28T09:14:18","slug":"asamblea-general-2025","status":"publish","type":"page","link":"https:\/\/asociacioncmysabel.es\/index.php\/actividades\/asamblea-general-2025\/","title":{"rendered":"Asamblea General 2025"},"content":{"rendered":"\n\n\n\n<p>Por acuerdo de la Junta Directiva se convoca a todos los Socios a la Asamblea General Ordinaria 2025, que se celebrar\u00e1 en el Sal\u00f3n de Actos del Colegio Mayor \u00abYsabel La Cat\u00f3lica\u00bb, en la calle Rector L\u00f3pez Arg\u00fceta, n\u00ba 8 de Granada, el d\u00eda 25 de octubre de 2025 a las 11:30 horas, en primera convocatoria, y a las 12:00 en segunda convocatoria.<\/p>\n\n\n\n<h2 class=\"wp-block-heading has-vivid-cyan-blue-color has-text-color has-link-color wp-elements-34860316cea0e81e680c1fcd1c797134\">Delegaci\u00f3n de voto<\/h2>\n\n\n\n<p>Para aquellos socios que no puedan asistir y que quieran ejercer su derecho al voto sobre los asuntos del Orden del d\u00eda abajo detallado, es posible la <a href=\"https:\/\/asociacioncmysabel.es\/wp-content\/uploads\/2025\/10\/ASOCIACION-COLEGIALES-y-ANTIGUOS-COLEGIALES-DEL-C-M-YSABEL-LA-CATOLICA-DELEGACION-DE-VOTO-ASAMBLEA-GENERAL-ORDINARIA-2025-25-10-2025.docx\" target=\"_blank\" rel=\"noopener nofollow\" title=\"\">DELEGACI\u00d3N DE VOTO<\/a> en alguno de los socios asistentes. Para lo cual es necesario <a href=\"https:\/\/asociacioncmysabel.es\/wp-content\/uploads\/2025\/10\/ASOCIACION-COLEGIALES-y-ANTIGUOS-COLEGIALES-DEL-C-M-YSABEL-LA-CATOLICA-DELEGACION-DE-VOTO-ASAMBLEA-GENERAL-ORDINARIA-2025-25-10-2025.docx\" target=\"_blank\" rel=\"noopener nofollow\" title=\"\">formalizar este documento<\/a>, pasarlo a PDF y remitirlo, <a href=\"https:\/\/firmaelectronica.gob.es\/ciudadanos\/cosas-deberias-saber\/aplicaciones-firma\" target=\"_blank\" rel=\"noopener nofollow\" title=\"\">firmado digitalmente<\/a>, a la Secretar\u00eda de la Asociaci\u00f3n antes del comienzo de la Asamblea <\/p>\n\n\n\n<h2 class=\"wp-block-heading has-vivid-cyan-blue-color has-text-color has-link-color wp-elements-59adbd85576aa8fdd88b7392b787c73d\">Orden del d\u00eda<\/h2>\n\n\n\n<ul class=\"wp-block-list\">\n<li>Apertura por parte de D. Fernando Aguado, presidente de la Asociaci\u00f3n<\/li>\n\n\n\n<li>Lectura, por parte D. Eladio Jos\u00e9 Aparicio Carrillo, Secretario de la asociaci\u00f3n, de las Actas de las <a href=\"https:\/\/asociacioncmysabel.es\/wp-content\/uploads\/2025\/10\/ASOCIACION-COLEGIALES-y-ANTIGUOS-COLEGIALES-DEL-C-M-YSABEL-LA-CATOLICA-ACTA-ASAMBLEA-GRAL-ORDINARIA-26-10-2024.-GRANADA.pdf\" target=\"_blank\" rel=\"noopener nofollow\" title=\"\">Asambleas ordinaria<\/a> y <a href=\"https:\/\/asociacioncmysabel.es\/wp-content\/uploads\/2025\/10\/ASOCIACION-COLEGIALES-y-ANTIGUOS-COLEGIALES-DEL-C-M-YSABEL-LA-CATOLICA-ACTA-ASAMBLEA-GRAL-EXTRAORDINARIA-26-10-2024.-GRANADA.pdf\" target=\"_blank\" rel=\"noopener nofollow\" title=\"\">extraordinaria<\/a> del a\u00f1o 2024.<\/li>\n\n\n\n<li>Resumen de la Memoria de Actividades de la Asociaci\u00f3n por el se\u00f1or Presidente D. Fernando Aguado<\/li>\n\n\n\n<li>Presentaci\u00f3n del estado de cuentas por parte del Tesorero D. Emilio Asensio Gim\u00e9nez<\/li>\n\n\n\n<li>Presentaci\u00f3n del plan de actividades para el a\u00f1o 2026 por el Presidente D. Fernando Aguado<\/li>\n\n\n\n<li>Ruegos y preguntas<\/li>\n<\/ul>\n\n\n\n<h2 class=\"wp-block-heading has-vivid-cyan-blue-color has-text-color has-link-color wp-elements-8ae59447d9d57dbd4984bb65810e53f6\">Desarrollo de la Asamblea<\/h2>\n\n\n\n<figure class=\"wp-block-embed is-type-video is-provider-youtube wp-block-embed-youtube wp-embed-aspect-16-9 wp-has-aspect-ratio\"><div class=\"wp-block-embed__wrapper\">\n<iframe title=\"\u00a1A. de Antiguos Colegiales C.M. Ysabel la Cat\u00f3lica est\u00e1 emitiendo en directo!\" width=\"832\" height=\"468\" src=\"https:\/\/www.youtube.com\/embed\/T-fd0TzDcZY?feature=oembed\" frameborder=\"0\" allow=\"accelerometer; autoplay; clipboard-write; encrypted-media; gyroscope; picture-in-picture; web-share\" referrerpolicy=\"strict-origin-when-cross-origin\" allowfullscreen><\/iframe>\n<\/div><\/figure>\n\n\n\n<p>En la Asamblea se han aprobado por unanimidad las actas de la Asamblea Ordinaria y Extraordinaria, as\u00ed como de la Memoria de actividades.<\/p>\n\n\n\n<p>Tras la presentaci\u00f3n del estado de cuentas (ingresos y gastos)  tambi\u00e9n queda aprobado por unanimidad. <\/p>\n\n\n\n<p>Durante la presentaci\u00f3n del punto anteriior, por parte del Sr. Tesorero. D. Emilio Asensio se plantea a la Asamblea el cambio de entidad bancaria con la que opera la Asociaci\u00f3n con el objeto de evitar gastos de gesti\u00f3n y que \u00e9stos repercutan en las cuentas de la Asociaci\u00f3n. En caso de ser aprobado (junto con el resto puntos contenidos en el Plan de Actividades de la Asociaci\u00f3n) se comunicar\u00e1 por correo a los socios que tengan \u00f3rdenes de transferencia. <\/p>\n\n\n\n<p>El Sr. Presidente expone el plan de actividades, con la continuidad de actividades de a\u00f1os anteriores y con novedades como la constituci\u00f3n de una Comisi\u00f3n para la celebraci\u00f3n del 75 aniversario de la apertura del Mayor.<\/p>\n\n\n\n<p>Tambi\u00e9n se recuerda que en Junio de 2026 se cumplen cuatro a\u00f1os de la elecci\u00f3n de la Junta Directiva, debi\u00e9ndose convocar Asamblea Extraordinaria para la renovaci\u00f3n de la Junta Directiva, antes de la finalizaci\u00f3n del mandato de la Junta Saliente. <\/p>\n\n\n\n<p>El Sr. Presidente hace una exhortaci\u00f3n a la participaci\u00f3n de los colegiales, ya sea para formar parte de la nueva junta como para la organizaci\u00f3n de actividades y en los canales de comunicaci\u00f3n de la Asociaci\u00f3n que promuevan el intercambio y la mejora personal entre los Asociados.<\/p>\n\n\n\n<p>Tras finalizar la exposici\u00f3n del Plan de Actividadesste se somete a votaci\u00f3n, quedando aprobado por unanimidad con el siguiente contenido:<\/p>\n\n\n\n<ul class=\"wp-block-list\">\n<li>Cambiar la cuenta corriente de la Asociaci\u00f3n a otra entidad bancaria que nos ofrece mejores condiciones de funcionamiento para ahorrar costes.<\/li>\n\n\n\n<li>Seguir editando la Revista colegial \u00abPapeles Universitarios\u00bb<\/li>\n\n\n\n<li>Continuidad en la subvenci\u00f3n de las equipaciones deportivas del Mayor<\/li>\n\n\n\n<li>Concesi\u00f3n de tres becas de 150\u20ac cada una para premiar la integraci\u00f3n colegial, actividad deportiva y colaboraci\u00f3n con la Asociaci\u00f3n.<\/li>\n\n\n\n<li>Ratificar la elecci\u00f3n de Ja\u00e9n para el X Encuentro Ysabelino 2026<\/li>\n\n\n\n<li>Crear una Comisi\u00f3n para que prepare el 75 Aniversario de la inauguraci\u00f3n del Colegio que ser\u00e1 en 2027.<\/li>\n\n\n\n<li>Convocar una Asamblea General Extraordinaria para elecci\u00f3n de la nueva Junta Directiva dado que en 2026 se cumplen cuatro a\u00f1os de la elecci\u00f3n de la actual y en los Estatutos de la Asociaci\u00f3n reza la obligaci\u00f3n de renovar la misma.<\/li>\n<\/ul>\n\n\n\n<p>El presidente toma la palabra y, antes de dar por clausurada la Asamblea, no habiendo m\u00e1s asuntos que tratar, agradece el trabajo y la dedicaci\u00f3n del socio D. Rafael Peregrin, que ha causado baja (por petici\u00f3n propia) en la Junta Directiva.<\/p>\n\n\n\n<p>Tras el cierre de la Asamblea General Extraordinaria toma la palabra D\u00aa Mar\u00eda Bel\u00e9n Cueto Mart\u00edn, directora del C.M. Ysabel la Cat\u00f3lica<\/p>\n\n\n\n<h2 class=\"wp-block-heading has-vivid-cyan-blue-color has-text-color has-link-color wp-elements-48d7ffa2d234e593f812151b4b2804a7\">Encuentro de convivencia<\/h2>\n\n\n\n<p>Finalizada la Asamblea, los asistentes han disfrutado de un encuentro de convivencia junto a los colegiales.<\/p>\n","protected":false},"excerpt":{"rendered":"<p>Por acuerdo de la Junta Directiva se convoca a todos los Socios a la Asamblea General Ordinaria 2025, que se celebrar\u00e1 en el Sal\u00f3n de Actos del Colegio Mayor \u00abYsabel La Cat\u00f3lica\u00bb, en la calle Rector L\u00f3pez Arg\u00fceta, n\u00ba 8 &hellip; <\/p>\n","protected":false},"author":2,"featured_media":0,"parent":1252,"menu_order":3,"comment_status":"closed","ping_status":"closed","template":"","meta":{"_bbp_topic_count":0,"_bbp_reply_count":0,"_bbp_total_topic_count":0,"_bbp_total_reply_count":0,"_bbp_voice_count":0,"_bbp_anonymous_reply_count":0,"_bbp_topic_count_hidden":0,"_bbp_reply_count_hidden":0,"_bbp_forum_subforum_count":0,"ngg_post_thumbnail":0,"footnotes":""},"class_list":["post-1792","page","type-page","status-publish","hentry"],"aioseo_notices":[],"_links":{"self":[{"href":"https:\/\/asociacioncmysabel.es\/index.php\/wp-json\/wp\/v2\/pages\/1792","targetHints":{"allow":["GET"]}}],"collection":[{"href":"https:\/\/asociacioncmysabel.es\/index.php\/wp-json\/wp\/v2\/pages"}],"about":[{"href":"https:\/\/asociacioncmysabel.es\/index.php\/wp-json\/wp\/v2\/types\/page"}],"author":[{"embeddable":true,"href":"https:\/\/asociacioncmysabel.es\/index.php\/wp-json\/wp\/v2\/users\/2"}],"replies":[{"embeddable":true,"href":"https:\/\/asociacioncmysabel.es\/index.php\/wp-json\/wp\/v2\/comments?post=1792"}],"version-history":[{"count":14,"href":"https:\/\/asociacioncmysabel.es\/index.php\/wp-json\/wp\/v2\/pages\/1792\/revisions"}],"predecessor-version":[{"id":1819,"href":"https:\/\/asociacioncmysabel.es\/index.php\/wp-json\/wp\/v2\/pages\/1792\/revisions\/1819"}],"up":[{"embeddable":true,"href":"https:\/\/asociacioncmysabel.es\/index.php\/wp-json\/wp\/v2\/pages\/1252"}],"wp:attachment":[{"href":"https:\/\/asociacioncmysabel.es\/index.php\/wp-json\/wp\/v2\/media?parent=1792"}],"curies":[{"name":"wp","href":"https:\/\/api.w.org\/{rel}","templated":true}]}}

<p>Por acuerdo de la Junta Directiva se convoca a todos los Socios a la Asamblea General Ordinaria 2025, que se celebrará en el Salón de Actos del Colegio Mayor «Ysabel La Católica», en la calle Rector López Argüeta, nº 8 de Granada, el día 25 de octubre de 2025 a las 11:30 horas, en primera convocatoria, y a las 12:00 en segunda convocatoria.</p>



<h2 class="wp-block-heading has-vivid-cyan-blue-color has-text-color has-link-color wp-elements-34860316cea0e81e680c1fcd1c797134">Delegación de voto</h2>



<p>Para aquellos socios que no puedan asistir y que quieran ejercer su derecho al voto sobre los asuntos del Orden del día abajo detallado, es posible la <a href="https://asociacioncmysabel.es/wp-content/uploads/2025/10/ASOCIACION-COLEGIALES-y-ANTIGUOS-COLEGIALES-DEL-C-M-YSABEL-LA-CATOLICA-DELEGACION-DE-VOTO-ASAMBLEA-GENERAL-ORDINARIA-2025-25-10-2025.docx" target="_blank" rel="noopener nofollow" title="">DELEGACIÓN DE VOTO</a> en alguno de los socios asistentes. Para lo cual es necesario <a href="https://asociacioncmysabel.es/wp-content/uploads/2025/10/ASOCIACION-COLEGIALES-y-ANTIGUOS-COLEGIALES-DEL-C-M-YSABEL-LA-CATOLICA-DELEGACION-DE-VOTO-ASAMBLEA-GENERAL-ORDINARIA-2025-25-10-2025.docx" target="_blank" rel="noopener nofollow" title="">formalizar este documento</a>, pasarlo a PDF y remitirlo, <a href="https://firmaelectronica.gob.es/ciudadanos/cosas-deberias-saber/aplicaciones-firma" target="_blank" rel="noopener nofollow" title="">firmado digitalmente</a>, a la Secretaría de la Asociación antes del comienzo de la Asamblea </p>



<h2 class="wp-block-heading has-vivid-cyan-blue-color has-text-color has-link-color wp-elements-59adbd85576aa8fdd88b7392b787c73d">Orden del día</h2>



<ul class="wp-block-list">
<li>Apertura por parte de D. Fernando Aguado, presidente de la Asociación</li>



<li>Lectura, por parte D. Eladio José Aparicio Carrillo, Secretario de la asociación, de las Actas de las <a href="https://asociacioncmysabel.es/wp-content/uploads/2025/10/ASOCIACION-COLEGIALES-y-ANTIGUOS-COLEGIALES-DEL-C-M-YSABEL-LA-CATOLICA-ACTA-ASAMBLEA-GRAL-ORDINARIA-26-10-2024.-GRANADA.pdf" target="_blank" rel="noopener nofollow" title="">Asambleas ordinaria</a> y <a href="https://asociacioncmysabel.es/wp-content/uploads/2025/10/ASOCIACION-COLEGIALES-y-ANTIGUOS-COLEGIALES-DEL-C-M-YSABEL-LA-CATOLICA-ACTA-ASAMBLEA-GRAL-EXTRAORDINARIA-26-10-2024.-GRANADA.pdf" target="_blank" rel="noopener nofollow" title="">extraordinaria</a> del año 2024.</li>



<li>Resumen de la Memoria de Actividades de la Asociación por el señor Presidente D. Fernando Aguado</li>



<li>Presentación del estado de cuentas por parte del Tesorero D. Emilio Asensio Giménez</li>



<li>Presentación del plan de actividades para el año 2026 por el Presidente D. Fernando Aguado</li>



<li>Ruegos y preguntas</li>
</ul>



<h2 class="wp-block-heading has-vivid-cyan-blue-color has-text-color has-link-color wp-elements-8ae59447d9d57dbd4984bb65810e53f6">Desarrollo de la Asamblea</h2>



<figure class="wp-block-embed is-type-video is-provider-youtube wp-block-embed-youtube wp-embed-aspect-16-9 wp-has-aspect-ratio"><div class="wp-block-embed__wrapper">
<iframe title="¡A. de Antiguos Colegiales C.M. Ysabel la Católica está emitiendo en directo!" width="832" height="468" src="https://www.youtube.com/embed/T-fd0TzDcZY?feature=oembed" frameborder="0" allow="accelerometer; autoplay; clipboard-write; encrypted-media; gyroscope; picture-in-picture; web-share" referrerpolicy="strict-origin-when-cross-origin" allowfullscreen></iframe>
</div></figure>



<p>En la Asamblea se han aprobado por unanimidad las actas de la Asamblea Ordinaria y Extraordinaria, así como de la Memoria de actividades.</p>



<p>Tras la presentación del estado de cuentas (ingresos y gastos)  también queda aprobado por unanimidad. </p>



<p>Durante la presentación del punto anteriior, por parte del Sr. Tesorero. D. Emilio Asensio se plantea a la Asamblea el cambio de entidad bancaria con la que opera la Asociación con el objeto de evitar gastos de gestión y que éstos repercutan en las cuentas de la Asociación. En caso de ser aprobado (junto con el resto puntos contenidos en el Plan de Actividades de la Asociación) se comunicará por correo a los socios que tengan órdenes de transferencia. </p>



<p>El Sr. Presidente expone el plan de actividades, con la continuidad de actividades de años anteriores y con novedades como la constitución de una Comisión para la celebración del 75 aniversario de la apertura del Mayor.</p>



<p>También se recuerda que en Junio de 2026 se cumplen cuatro años de la elección de la Junta Directiva, debiéndose convocar Asamblea Extraordinaria para la renovación de la Junta Directiva, antes de la finalización del mandato de la Junta Saliente. </p>



<p>El Sr. Presidente hace una exhortación a la participación de los colegiales, ya sea para formar parte de la nueva junta como para la organización de actividades y en los canales de comunicación de la Asociación que promuevan el intercambio y la mejora personal entre los Asociados.</p>



<p>Tras finalizar la exposición del Plan de Actividadesste se somete a votación, quedando aprobado por unanimidad con el siguiente contenido:</p>



<ul class="wp-block-list">
<li>Cambiar la cuenta corriente de la Asociación a otra entidad bancaria que nos ofrece mejores condiciones de funcionamiento para ahorrar costes.</li>



<li>Seguir editando la Revista colegial «Papeles Universitarios»</li>



<li>Continuidad en la subvención de las equipaciones deportivas del Mayor</li>



<li>Concesión de tres becas de 150€ cada una para premiar la integración colegial, actividad deportiva y colaboración con la Asociación.</li>



<li>Ratificar la elección de Jaén para el X Encuentro Ysabelino 2026</li>



<li>Crear una Comisión para que prepare el 75 Aniversario de la inauguración del Colegio que será en 2027.</li>



<li>Convocar una Asamblea General Extraordinaria para elección de la nueva Junta Directiva dado que en 2026 se cumplen cuatro años de la elección de la actual y en los Estatutos de la Asociación reza la obligación de renovar la misma.</li>
</ul>



<p>El presidente toma la palabra y, antes de dar por clausurada la Asamblea, no habiendo más asuntos que tratar, agradece el trabajo y la dedicación del socio D. Rafael Peregrin, que ha causado baja (por petición propia) en la Junta Directiva.</p>



<p>Tras el cierre de la Asamblea General Extraordinaria toma la palabra Dª María Belén Cueto Martín, directora del C.M. Ysabel la Católica</p>



<h2 class="wp-block-heading has-vivid-cyan-blue-color has-text-color has-link-color wp-elements-48d7ffa2d234e593f812151b4b2804a7">Encuentro de convivencia</h2>



<p>Finalizada la Asamblea, los asistentes han disfrutado de un encuentro de convivencia junto a los colegiales.</p>

<p>Por acuerdo de la Junta Directiva se convoca a todos los Socios a la Asamblea General Ordinaria 2025, que se celebrará en el Salón de Actos del Colegio Mayor «Ysabel La Católica», en la calle Rector López Argüeta, nº 8 &hellip; </p>
