{"id":1336,"date":"2025-02-04T18:32:15","date_gmt":"2025-02-04T17:32:15","guid":{"rendered":"https:\/\/asociacioncmysabel.es\/?page_id=1336"},"modified":"2025-02-04T18:32:48","modified_gmt":"2025-02-04T17:32:48","slug":"politica-de-privacidad","status":"publish","type":"page","link":"https:\/\/asociacioncmysabel.es\/index.php\/politica-de-privacidad\/","title":{"rendered":"Pol\u00edtica de privacidad"},"content":{"rendered":"\n<h2 class=\"wp-block-heading\">Qui\u00e9nes somos<\/h2>\n\n\n\n<p>El dominio en internet\u00a0https:\/\/asociacioncmysabel.es, es titularidad de la Asociaci\u00f3n de antiguos Colegiales, y Colegiales, del Colegio Mayor Ysabel la Cat\u00f3lica, de la Universidad de Granada, y en este apartado se recoge la pol\u00edtica de privacidad y otras condiciones de uso y acceso. <\/p>\n\n\n\n<p>El uso de esta web implica la expresa y plena aceptaci\u00f3n de las presentes condiciones generales en la versi\u00f3n publicada en el momento en que el usuario acceda al mismo, sin perjuicio de las condiciones particulares que pudieran aplicarse a algunos de los contenidos o servicios de la p\u00e1gina web. En todo caso, la actualizaci\u00f3n de la informaci\u00f3n y servicios no es inmediata, por lo que pueden existir desfases en la misma. Le sugerimos que compruebe siempre la vigencia y exactitud de la informaci\u00f3n, servicios y contenidos recogidos en la misma.<\/p>\n\n\n\n<h2 class=\"wp-block-heading\">Comentarios<\/h2>\n\n\n\n<p>S\u00f3lo se permitir\u00e1n comentarios de personas dadas de alta como usuarias de esta p\u00e1gina. Cuando los visitantes dejan comentarios en la web, recopilamos los datos que se muestran en el formulario de comentarios, as\u00ed como la direcci\u00f3n IP del visitante y la cadena de agentes de usuario del navegador para ayudar a la detecci\u00f3n de spam.<\/p>\n\n\n\n<p>Una cadena an\u00f3nima creada a partir de tu direcci\u00f3n de correo electr\u00f3nico (tambi\u00e9n llamada hash) puede ser proporcionada al servicio de <em>Gravatar<\/em> para ver si la est\u00e1s usando. La pol\u00edtica de privacidad del servicio Gravatar est\u00e1 disponible aqu\u00ed: https:\/\/automattic.com\/privacy\/. Despu\u00e9s de la aprobaci\u00f3n de tu comentario, la imagen de tu perfil es visible para el p\u00fablico en el contexto de tu comentario.<\/p>\n\n\n\n<h2 class=\"wp-block-heading\">Derechos de propiedad intlectual e industrial sobre el dise\u00f1o, logos e im\u00e1genes im\u00e1genes de la web de la Asociaci\u00f3n<\/h2>\n\n\n\n<p>Esta web est\u00e1 construida sobre WordPress, usando plug-ins y add-ons gratuitos. Todo elemento derivado de esta tecnolog\u00eda pertenece a sus desarrolladores, y est\u00e1n protegidos por los correspondientes derechos de propiedad intelectual e industrial. <\/p>\n\n\n\n<p>Esta protecci\u00f3n afecta igualmente a las im\u00e1genes contenidas en esta web. Su uso, reproducci\u00f3n, distribuci\u00f3n, comunicaci\u00f3n p\u00fablica, transformaci\u00f3n o cualquier otra actividad similar o an\u00e1loga, queda totalmente prohibida salvo que medie expresa autorizaci\u00f3n de esta Asociaci\u00f3n.<\/p>\n\n\n\n<p>La licencia de uso de los elementos especificados en este apartado, otorgada al usuario se limita a la descarga por parte del usuario de dicho contenido y el uso privado del mismo, siempre que los citados contenidos permanezcan \u00edntegros.<\/p>\n\n\n\n<p>Esta Asociaci\u00f3n declara su respeto a los derechos de propiedad intelectual e industrial de terceros; por ello, si considera que este sitio pudiera estar vulnerando sus derechos, le agradeceremos que se ponga en contacto con nosotros a trav\u00e9s del webmaster, en la siguiente direcci\u00f3n de correo electr\u00f3nico:\u00a0accmysabel@gmail.com<\/p>\n\n\n\n<p>Igualmente, cualquier persona que aparezca en las im\u00e1genes, o sus derecho-habientes, que considere que se ha vulnerado su derecho a la privacidad, podr\u00e1 ejercitar sus derechos y reclamar la retirada o modificaci\u00f3n de las im\u00e1genes de tal manera que se evite la difusi\u00f3n de dichas im\u00e1genes. Pudiendo ejercitar su derecho de oposici\u00f3n en la direcci\u00f3n de correo mencionada anteriormente.<\/p>\n\n\n\n<p>Esta asociaci\u00f3n prohibe, espresamente la realizaci\u00f3n de \u00abframings\u00bb o la utilizaci\u00f3n por parte de terceros de cualesquiera otros mecanismos que alteren el dise\u00f1o, configuraci\u00f3n original o contenidos de su portal.<\/p>\n\n\n\n<p><strong>Ley aplicable y jurisdicci\u00f3n<\/strong>La ley aplicable en caso de disputa o conflicto de interpretaci\u00f3n de los t\u00e9rminos que conforman este aviso legal, as\u00ed como cualquier cuesti\u00f3n relacionada con los servicios del presente portal, ser\u00e1 la ley espa\u00f1ola. Para la resoluci\u00f3n del cualquier conflicto que pueda surgir con ocasi\u00f3n de la visita al portal o el uso de sus servicios, esta Asociaci\u00f3n y el usuario o la usuaria acuerdan someterse a los jueces y tribunales del domicilio del usuario o usuaria, siempre que est\u00e9 situado en territorio espa\u00f1ol.<\/p>\n\n\n\n<h2 class=\"wp-block-heading\">Reutilizaci\u00f3n de documentos de la web<\/h2>\n\n\n\n<p>Las presentes condiciones generales permiten la reutilizaci\u00f3n de los documentos sometidos a ellas para fines comerciales y no comerciales. Se entiende por reutilizaci\u00f3n el uso de documentos publicados en esta p\u00e1gina. La reutilizaci\u00f3n autorizada incluye, a modo ilustrativo, actividades como la copia, difusi\u00f3n, modificaci\u00f3n, adaptaci\u00f3n, extracci\u00f3n, reordenaci\u00f3n y combinaci\u00f3n de la informaci\u00f3n.E<\/p>\n\n\n\n<p>El concepto de documento es el establecido en el apartado 2 del art\u00edculo 3 de la Ley 37\/2007, de 16 de noviembre, sobre reutilizaci\u00f3n de la informaci\u00f3n del sector p\u00fablico, por lo que comprende toda informaci\u00f3n cualquiera que sea su soporte material o electr\u00f3nico as\u00ed como su forma de expresi\u00f3n gr\u00e1fica, sonora o en imagen utilizada, incluyendo, en consecuencia, tambi\u00e9n los datos en sus niveles m\u00e1s desagregados o \u00aben bruto\u00bb.<\/p>\n\n\n\n<p>Esta autorizaci\u00f3n conlleva, asimismo, la cesi\u00f3n gratuita y no exclusiva de los derechos de propiedad intelectual, siempre que no se indique expresamente lo contrario, en cuyo caso regir\u00e1 lo dispuesto en el Real Decreto Legislativo 1\/1996, de 12 de abril, por el que se aprueba el texto refundido de la Ley de Propiedad Intelectual. <\/p>\n\n\n\n<p>Salvo las restricciones expresas sobre la propiedad intelectual, se autoriza &#8211; en relaci\u00f3n con los contenidos de esta p\u00e1gina, la realizaci\u00f3n de actividades de reproducci\u00f3n, distribuci\u00f3n, comunicaci\u00f3n p\u00fablica o transformaci\u00f3n, necesarias para desarrollar la actividad de reutilizaci\u00f3n autorizada, en cualquier modalidad y bajo cualquier formato, para todo el mundo y por el plazo m\u00e1ximo permitido por la Legislaci\u00f3n.<\/p>\n\n\n\n<p><strong>Condiciones generales para la reutilizaci\u00f3n<\/strong>. Son de aplicaci\u00f3n las siguientes condiciones generales para la reutilizaci\u00f3n de los documentos sometidos a ellas:<\/p>\n\n\n\n<ul class=\"wp-block-list\">\n<li>Est\u00e1 prohibido desnaturalizar el sentido de la informaci\u00f3n.<\/li>\n\n\n\n<li>Debe citarse la fuente de los documentos objeto de la reutilizaci\u00f3n. Esta cita podr\u00e1 realizarse de la siguiente manera: \u00abOrigen de los datos: Asociaci\u00f3n de Colegiales C.M. Ysabel la Cat\u00f3lica &#8211; Granada\u00bb.<\/li>\n\n\n\n<li>Debe mencionarse la fecha de la \u00faltima actualizaci\u00f3n de los documentos objeto de la reutilizaci\u00f3n, siempre cuando estuviera incluida en el documento original.<\/li>\n\n\n\n<li>No se podr\u00e1 indicar, insinuar o sugerir que esta Asociaci\u00f3n, titular de la informaci\u00f3n reutilizada participa, patrocina o apoya la reutilizaci\u00f3n que se lleve a cabo con ella.<\/li>\n\n\n\n<li>Deben conservarse, no alterarse ni suprimirse los metadatos sobre la fecha de actualizaci\u00f3n y las condiciones de reutilizaci\u00f3n aplicables incluidos, en su caso, en el documento puesto a disposici\u00f3n para su reutilizaci\u00f3n.<\/li>\n<\/ul>\n\n\n\n<p><strong>Exclusi\u00f3n de responsabilidad<\/strong>. <\/p>\n\n\n\n<ul class=\"wp-block-list\">\n<li>La utilizaci\u00f3n de los conjuntos de datos se realizar\u00e1 por parte de los usuarios o agentes de la reutilizaci\u00f3n bajo su propia cuenta y riesgo, correspondi\u00e9ndoles en exclusiva a ellos responder frente a terceros por da\u00f1os que pudieran derivarse de ella. <\/li>\n\n\n\n<li>Esta Asociaci\u00f3n no ser\u00e1 responsable del uso que de su informaci\u00f3n hagan los agentes reutilizadores ni tampoco de los da\u00f1os sufridos o p\u00e9rdidas econ\u00f3micas que, de forma directa o indirecta, produzcan o puedan producir perjuicios econ\u00f3micos, materiales o sobre datos, provocados por el uso de la informaci\u00f3n reutilizada.<\/li>\n\n\n\n<li>Esta Asociaci\u00f3n no garantiza la continuidad en la puesta a disposici\u00f3n de los documentos reutilizables, ni en contenido ni en forma, ni asume responsabilidades por cualquier error u omisi\u00f3n contenido en ellos.<\/li>\n<\/ul>\n\n\n\n<p><strong>Responsabilidad del agente reutilizador. <\/strong>El agente reutilizador se halla sometido a la normativa aplicable en materia de reutilizaci\u00f3n de la informaci\u00f3n, incluyendo el r\u00e9gimen sancionador previsto la legislaci\u00f3n que regula la propiedad intelectual y la reutilizaci\u00f3n. <\/p>\n\n\n\n<h2 class=\"wp-block-heading\">Cookies<\/h2>\n\n\n\n<p><strong class=\"privacy-policy-tutorial\">Se utilizan cookies para el correcto funcionamiento y visualizaci\u00f3n de esta web, que no recaban ni usan datos de car\u00e1cter personal:<\/strong><\/p>\n\n\n\n<p>Si tienes una cuenta y te conectas a este sitio, instalaremos una cookie temporal para determinar si tu navegador acepta cookies. Esta cookie no contiene datos personales y se elimina al cerrar el navegador.<\/p>\n\n\n\n<p>Cuando accedas, tambi\u00e9n instalaremos varias cookies para guardar tu informaci\u00f3n de acceso y tus opciones de visualizaci\u00f3n de pantalla. Las cookies de acceso duran dos d\u00edas, y las cookies de opciones de pantalla duran un a\u00f1o. Si seleccionas \u00abRecu\u00e9rdarme\u00bb, tu acceso perdurar\u00e1 durante dos semanas. Si sales de tu cuenta, las cookies de acceso se eliminar\u00e1n.<\/p>\n\n\n\n<p>La Asoaciaci\u00f3n se reserva el derecho de activar el servicio de Google Analytics con la \u00fanica y exclusiva finalidad de elaborar informes de car\u00e1cter estad\u00edstico sobre la navegaci\u00f3n en esta web. El\u00a0servicio de Google Analytics utiliza la biblioteca de\u00a0javascript: gtag.js, la cual emplea dos cookies con el fin de distinguir usuarios \u00fanicos, as\u00ed como sesiones \u00fanicas de un solo usuario.<\/p>\n\n\n\n<figure class=\"wp-block-table\"><table class=\"has-fixed-layout\"><thead><tr><th>\u200b<strong>Nombre de la cookie<\/strong><\/th><th>\u200b<strong>Duraci\u00f3n predeterminada<\/strong><\/th><th><strong>\u200bDescripci\u00f3n<\/strong><\/th><\/tr><\/thead><tbody><tr><td>\u200b_ga<\/td><td>\u200bTemporal<\/td><td>\u200bSe usa para distinguir a los usuarios<\/td><\/tr><tr><td>\u200b_ga_&lt;container-id&gt;<\/td><td>\u200bTemporal<\/td><td>\u200bSe usa para mantener el estado de la sesi\u00f3n<\/td><\/tr><\/tbody><\/table><\/figure>\n\n\n\n<p>Google Analytics 4 no registra ni almacena direcciones IP. Retira las direcciones IP que recoge de los usuarios de la UE antes de registrarlos en dominios y servidores de la UE. los datos de direcciones IP se usan \u00fanicamente para obtener los datos de geolocalizaci\u00f3n y se descartan de inmediato. No se registran, no se puede acceder a ellos y no se usan con ning\u00fan otro fin. En caso de que se acepte su instalaci\u00f3n, el plazo de permanencia de estas cookies es de 3 meses.<\/p>\n\n\n\n<p>Si dejas un comentario en nuestro sitio puedes elegir guardar tu nombre, direcci\u00f3n de correo electr\u00f3nico y web en cookies. Esto es para tu comodidad, para que no tengas que volver a rellenar tus datos cuando dejes otro comentario. Estas cookies tendr\u00e1n una duraci\u00f3n de un a\u00f1o.<\/p>\n\n\n\n<p>Para aquellos usuarios con perfil de editor o colaborador, cuando se edite o publique un art\u00edculo, se  se guardar\u00e1 una cookie adicional en tu navegador. Esta cookie no incluye datos personales y simplemente indica el ID del art\u00edculo que acabas de editar. Caduca despu\u00e9s de 1 d\u00eda.<\/p>\n\n\n\n<h2 class=\"wp-block-heading\">Contenido incrustado de otros sitios web<\/h2>\n\n\n\n<p>Esta web contiene enlaces a sitios web de terceros, cuyas pol\u00edticas de privacidad son ajenas a esta Associaci\u00f3n. Al acceder a tales sitios web usted puede decidir si acepta sus pol\u00edticas de privacidad y de cookies. Con car\u00e1cter general, si usted navega por internet, puede aceptar o rechazar las cookies de terceros desde las opciones de configuraci\u00f3n de su navegador.<\/p>\n\n\n\n<p>Esta Asociaci\u00f3n no asume ninguna responsabilidad por el contenido, informaciones o servicios que pudieran aparecer en dichos sitios de terceros, cuyas p\u00e1ginas no le pertenecen, ni hace una revisi\u00f3n de sus contenidos, que tendr\u00e1n exclusivamente car\u00e1cter informativo y que no necesariamente implican relaci\u00f3n con las personas o entidades titulares de tales contenidos o de los sitios donde se encuentren.<\/p>\n\n\n\n<p>Respecto al enlaces hechos en p\u00e1ginas de terceros a nuestra p\u00e1gina, el establecimiento del hiperenlace no implica en ning\u00fan caso la existencia de relaciones entre esta Asociaci\u00f3n y los propietarios de las p\u00e1ginas web que los establezcan, ni la aceptaci\u00f3n y aprobaci\u00f3n por parte de esta Asociaci\u00f3n de sus contenidos o servicios. Por tanto, no se declarar\u00e1 ni se dar\u00e1 a entender que la Asociaci\u00f3n ha autorizado expresamente el hiperenlace ni que ha supervisado o asumido de cualquier forma los servicios ofrecidos o puestos a disposici\u00f3n en la p\u00e1gina web desde la que se establece el hiperenlace.<\/p>\n\n\n\n<p>La Asociaci\u00f3n no se responsabiliza en modo alguno ni garantiza la calidad, exactitud, fiabilidad, correcci\u00f3n o moralidad de contenidos o servicios que el establecimiento del hiperenlace pueda ofrecer. El usuario o la usuaria asumen bajo su exclusiva responsabilidad las consecuencias, da\u00f1os o acciones que pudieran derivarse del acceso a la p\u00e1gina web del hiperenlace.<\/p>\n\n\n\n<p>La p\u00e1gina web en la que se establezca el hiperenlace no podr\u00e1 contener ninguna marca, denominaci\u00f3n, logotipo, eslogan u otros signos distintivos pertenecientes a esta Asociaci\u00f3n, excepto aquellos signos que formen parte del mismo hiperenlace.<\/p>\n\n\n\n<p>La p\u00e1gina web en la que se establezca el hiperenlace no contendr\u00e1 informaciones con contenidos il\u00edcitos, contrarios a la moral y a las buenas costumbres generalmente aceptadas, as\u00ed como tampoco contendr\u00e1 contenidos contrarios a cualesquiera derechos de terceros.<\/p>\n\n\n\n<h2 class=\"wp-block-heading\">Con qui\u00e9n compartimos tus datos<\/h2>\n\n\n\n<p><strong class=\"privacy-policy-tutorial\">Esta asociaci\u00f3n no recopila datos a trav\u00e9s de la web, ni se comparten con terceros. <\/strong><\/p>\n\n\n\n<p>Para aquellos usuarios que soliciten su alta como \u00abregistrados\u00bb, tras el inicio de una primera sesi\u00f3n se les pedir\u00e1 el cambio de contrase\u00f1a por seguridad. En este caso, al solicitar el restablecimiento de la contrase\u00f1a, la direcci\u00f3n IP de la m\u00e1quina con la que se acceda, ser\u00e1 incluido en el correo electr\u00f3nico de restablecimiento de la contrase\u00f1a.<\/p>\n\n\n\n<h2 class=\"wp-block-heading\">Cu\u00e1nto tiempo conservamos tus datos<\/h2>\n\n\n\n<p>Si dejas un comentario, el comentario y sus metadatos se conservan indefinidamente. Esto es para que podamos reconocer y aprobar comentarios sucesivos autom\u00e1ticamente, en lugar de mantenerlos en una cola de moderaci\u00f3n.<\/p>\n\n\n\n<p>De los usuarios que se registran en nuestra web (aquellos que lo hagan) almacenamos la informaci\u00f3n personal que proporcionen en su perfil de usuario. Todos los usuarios pueden ver, editar o eliminar su informaci\u00f3n personal en cualquier momento (con la salvedad de que no puede cambiarse el nombre de usuario). <\/p>\n\n\n\n<p>Los administradores de la web tambi\u00e9n pueden ver y editar esa informaci\u00f3n.<\/p>\n\n\n\n<h2 class=\"wp-block-heading\">Qu\u00e9 derechos tienes sobre tus datos<\/h2>\n\n\n\n<p>Si tienes una cuenta y has dejado comentarios en esta web, puedes solicitar recibir un archivo de exportaci\u00f3n de los datos personales que tenemos sobre ti, incluyendo cualquier dato que nos hayas proporcionado. Tambi\u00e9n puedes solicitar que eliminemos cualquier dato personal que tengamos sobre ti. Esto no incluye ning\u00fan dato que estemos obligados a conservar con fines administrativos, legales o de seguridad.<\/p>\n\n\n\n<h2 class=\"wp-block-heading\">D\u00f3nde se env\u00edan tus datos<\/h2>\n\n\n\n<p>Esta p\u00e1gina utiliza proveedores que pueden realizar un seguimiento de visitas de forma anonimizada y agregada, haciendo uso de tecnolog\u00edas similares a las cookies, con una finalidad estrictamente limitada a la medici\u00f3n exclusiva de la audiencia del sitio y la producci\u00f3n de datos estad\u00edsticos an\u00f3nimos \u00fanicamente. Estos datos no se cotejan con otras operaciones de tratamiento y tampoco se comunican a terceros.<\/p>\n","protected":false},"excerpt":{"rendered":"<p>Qui\u00e9nes somos El dominio en internet\u00a0https:\/\/asociacioncmysabel.es, es titularidad de la Asociaci\u00f3n de antiguos Colegiales, y Colegiales, del Colegio Mayor Ysabel la Cat\u00f3lica, de la Universidad de Granada, y en este apartado se recoge la pol\u00edtica de privacidad y otras condiciones &hellip; <\/p>\n","protected":false},"author":2,"featured_media":0,"parent":0,"menu_order":0,"comment_status":"closed","ping_status":"closed","template":"","meta":{"_bbp_topic_count":0,"_bbp_reply_count":0,"_bbp_total_topic_count":0,"_bbp_total_reply_count":0,"_bbp_voice_count":0,"_bbp_anonymous_reply_count":0,"_bbp_topic_count_hidden":0,"_bbp_reply_count_hidden":0,"_bbp_forum_subforum_count":0,"ngg_post_thumbnail":0,"footnotes":""},"class_list":["post-1336","page","type-page","status-publish","hentry"],"aioseo_notices":[],"_links":{"self":[{"href":"https:\/\/asociacioncmysabel.es\/index.php\/wp-json\/wp\/v2\/pages\/1336","targetHints":{"allow":["GET"]}}],"collection":[{"href":"https:\/\/asociacioncmysabel.es\/index.php\/wp-json\/wp\/v2\/pages"}],"about":[{"href":"https:\/\/asociacioncmysabel.es\/index.php\/wp-json\/wp\/v2\/types\/page"}],"author":[{"embeddable":true,"href":"https:\/\/asociacioncmysabel.es\/index.php\/wp-json\/wp\/v2\/users\/2"}],"replies":[{"embeddable":true,"href":"https:\/\/asociacioncmysabel.es\/index.php\/wp-json\/wp\/v2\/comments?post=1336"}],"version-history":[{"count":1,"href":"https:\/\/asociacioncmysabel.es\/index.php\/wp-json\/wp\/v2\/pages\/1336\/revisions"}],"predecessor-version":[{"id":1337,"href":"https:\/\/asociacioncmysabel.es\/index.php\/wp-json\/wp\/v2\/pages\/1336\/revisions\/1337"}],"wp:attachment":[{"href":"https:\/\/asociacioncmysabel.es\/index.php\/wp-json\/wp\/v2\/media?parent=1336"}],"curies":[{"name":"wp","href":"https:\/\/api.w.org\/{rel}","templated":true}]}}