{"id":1079,"date":"2024-05-09T18:58:52","date_gmt":"2024-05-09T18:58:52","guid":{"rendered":"https:\/\/asociacioncmysabel.es\/?page_id=1079"},"modified":"2025-01-26T22:19:43","modified_gmt":"2025-01-26T21:19:43","slug":"symulacro-19","status":"publish","type":"page","link":"https:\/\/asociacioncmysabel.es\/index.php\/symulacro-19\/","title":{"rendered":"Symulacro 19"},"content":{"rendered":"\n<h2 class=\"wp-block-heading has-vivid-cyan-blue-color has-text-color has-link-color wp-elements-39a9289ca6b5bee6a474a97df14dcc8f\">Fanzine Ysabelino (1987-1990)<\/h2>\n\n\n\n<p style=\"font-size:15px\">Symulacro 19 sali\u00f3, en 1987, de las cabezas de cuatro colegiales F\u00e9lix Garc\u00eda G\u00e1mez,  Manuel Garc\u00eda Pecino, Javier Rodr\u00edguez Navarrete (Vito) y Juan Eduardo S\u00e1nchez Mart\u00ednez.<\/p>\n\n\n\n<p style=\"font-size:15px\">En esta secci\u00f3n incorporamos los n\u00fameros disponibles, si bien el formato cambia respecto al original. En unos casos, como el 1, era un cuadernillo doblado de p\u00e1ginas en formato A4 grapadas en el lomo. El n\u00famero 3 y el 6 fueron eran p\u00e1ginas A3 dobladas que se desplegaban. Al no disponer de un ejemplar del n\u00famero 5 las im\u00e1genes est\u00e1n tomadas de las maqueta que se fotocopi\u00f3 para distribuir las copias.<\/p>\n\n\n\n<p style=\"font-size:15px\">La impresi\u00f3n corr\u00eda a cargo de la Reprograf\u00eda del Hospital Real, a donde las llevaba el subdirector que actuaba de enlace. El n\u00famero 6 sali\u00f3 en oto\u00f1o de 1989 y el n\u00famero 7, de primavera, nunca lleg\u00f3 a salir.<\/p>\n\n\n\n<p style=\"font-size:15px\">Tras la salida de Vito y Pecino, \u00faltimos fancineros colegiales, desapareci\u00f3 este medio.<\/p>\n\n\n\n<p class=\"has-black-color has-text-color\" style=\"font-size:15px\">Como curiosidad se us\u00f3 la figura del elefante como referencia a un colegial al que se le atribu\u00eda ser gafe con solo mencionar su nombre. As\u00ed que el elefante no tiene nombre para evitar el malfario.<\/p>\n\n\n\n<div class=\"wp-block-columns is-layout-flex wp-container-core-columns-is-layout-9d6595d7 wp-block-columns-is-layout-flex\">\n<div class=\"wp-block-column is-vertically-aligned-center is-layout-flow wp-block-column-is-layout-flow\" style=\"flex-basis:100%\">\n<div class=\"wp-block-group\"><div class=\"wp-block-group__inner-container is-layout-constrained wp-block-group-is-layout-constrained\">\n<figure class=\"wp-block-gallery has-nested-images columns-default is-cropped wp-block-gallery-1 is-layout-flex wp-block-gallery-is-layout-flex\">\n<figure class=\"wp-block-image size-large\"><a href=\"https:\/\/asociacioncmysabel.es\/wp-content\/uploads\/2024\/05\/Symulacro-19_1_1987-1988.pdf\" target=\"_blank\" rel=\"noreferrer noopener\"><img fetchpriority=\"high\" decoding=\"async\" width=\"733\" height=\"1024\" data-id=\"1087\" src=\"https:\/\/asociacioncmysabel.es\/wp-content\/uploads\/2024\/05\/Imagen-5-Copy-733x1024.jpg\" alt=\"\" class=\"wp-image-1087\" srcset=\"https:\/\/asociacioncmysabel.es\/wp-content\/uploads\/2024\/05\/Imagen-5-Copy-733x1024.jpg 733w, https:\/\/asociacioncmysabel.es\/wp-content\/uploads\/2024\/05\/Imagen-5-Copy-215x300.jpg 215w, https:\/\/asociacioncmysabel.es\/wp-content\/uploads\/2024\/05\/Imagen-5-Copy-768x1072.jpg 768w, https:\/\/asociacioncmysabel.es\/wp-content\/uploads\/2024\/05\/Imagen-5-Copy-1100x1536.jpg 1100w, https:\/\/asociacioncmysabel.es\/wp-content\/uploads\/2024\/05\/Imagen-5-Copy-1467x2048.jpg 1467w, https:\/\/asociacioncmysabel.es\/wp-content\/uploads\/2024\/05\/Imagen-5-Copy-scaled.jpg 1834w\" sizes=\"(max-width: 733px) 100vw, 733px\" \/><\/a><\/figure>\n\n\n\n<figure class=\"wp-block-image size-large\"><a href=\"https:\/\/asociacioncmysabel.es\/wp-content\/uploads\/2024\/05\/Symulacro-19_3_1988-1989.pdf\" target=\"_blank\" rel=\"noreferrer noopener\"><img decoding=\"async\" width=\"738\" height=\"1024\" data-id=\"1085\" src=\"https:\/\/asociacioncmysabel.es\/wp-content\/uploads\/2024\/05\/Imagen-00-2-738x1024.jpg\" alt=\"\" class=\"wp-image-1085\" srcset=\"https:\/\/asociacioncmysabel.es\/wp-content\/uploads\/2024\/05\/Imagen-00-2-738x1024.jpg 738w, https:\/\/asociacioncmysabel.es\/wp-content\/uploads\/2024\/05\/Imagen-00-2-216x300.jpg 216w, https:\/\/asociacioncmysabel.es\/wp-content\/uploads\/2024\/05\/Imagen-00-2-768x1065.jpg 768w, https:\/\/asociacioncmysabel.es\/wp-content\/uploads\/2024\/05\/Imagen-00-2-1107x1536.jpg 1107w, https:\/\/asociacioncmysabel.es\/wp-content\/uploads\/2024\/05\/Imagen-00-2-1476x2048.jpg 1476w, https:\/\/asociacioncmysabel.es\/wp-content\/uploads\/2024\/05\/Imagen-00-2-scaled.jpg 1845w\" sizes=\"(max-width: 738px) 100vw, 738px\" \/><\/a><\/figure>\n\n\n\n<figure class=\"wp-block-image size-large\"><a href=\"https:\/\/asociacioncmysabel.es\/wp-content\/uploads\/2024\/05\/Symulacro-19_5_1988-1989.pdf\" target=\"_blank\" rel=\"noreferrer noopener\"><img decoding=\"async\" width=\"784\" height=\"1024\" data-id=\"1084\" src=\"https:\/\/asociacioncmysabel.es\/wp-content\/uploads\/2024\/05\/Portada-784x1024.jpg\" alt=\"\" class=\"wp-image-1084\" srcset=\"https:\/\/asociacioncmysabel.es\/wp-content\/uploads\/2024\/05\/Portada-784x1024.jpg 784w, https:\/\/asociacioncmysabel.es\/wp-content\/uploads\/2024\/05\/Portada-230x300.jpg 230w, https:\/\/asociacioncmysabel.es\/wp-content\/uploads\/2024\/05\/Portada-768x1003.jpg 768w, https:\/\/asociacioncmysabel.es\/wp-content\/uploads\/2024\/05\/Portada-1176x1536.jpg 1176w, https:\/\/asociacioncmysabel.es\/wp-content\/uploads\/2024\/05\/Portada-1569x2048.jpg 1569w, https:\/\/asociacioncmysabel.es\/wp-content\/uploads\/2024\/05\/Portada.jpg 1924w\" sizes=\"(max-width: 784px) 100vw, 784px\" \/><\/a><\/figure>\n<\/figure>\n<\/div><\/div>\n<\/div>\n<\/div>\n\n\n\n<figure class=\"wp-block-image size-large\"><img loading=\"lazy\" decoding=\"async\" width=\"1024\" height=\"738\" src=\"https:\/\/asociacioncmysabel.es\/wp-content\/uploads\/2024\/05\/Imagen-52-2-1024x738.jpg\" alt=\"\" class=\"wp-image-1089\" srcset=\"https:\/\/asociacioncmysabel.es\/wp-content\/uploads\/2024\/05\/Imagen-52-2-1024x738.jpg 1024w, https:\/\/asociacioncmysabel.es\/wp-content\/uploads\/2024\/05\/Imagen-52-2-300x216.jpg 300w, https:\/\/asociacioncmysabel.es\/wp-content\/uploads\/2024\/05\/Imagen-52-2-768x554.jpg 768w, https:\/\/asociacioncmysabel.es\/wp-content\/uploads\/2024\/05\/Imagen-52-2-1536x1107.jpg 1536w, https:\/\/asociacioncmysabel.es\/wp-content\/uploads\/2024\/05\/Imagen-52-2-2048x1476.jpg 2048w\" sizes=\"(max-width: 1024px) 100vw, 1024px\" \/><\/figure>\n","protected":false},"excerpt":{"rendered":"<p>Fanzine Ysabelino (1987-1990) Symulacro 19 sali\u00f3, en 1987, de las cabezas de cuatro colegiales F\u00e9lix Garc\u00eda G\u00e1mez, Manuel Garc\u00eda Pecino, Javier Rodr\u00edguez Navarrete (Vito) y Juan Eduardo S\u00e1nchez Mart\u00ednez. En esta secci\u00f3n incorporamos los n\u00fameros disponibles, si bien el formato &hellip; <\/p>\n","protected":false},"author":1,"featured_media":1087,"parent":0,"menu_order":3,"comment_status":"closed","ping_status":"closed","template":"","meta":{"_bbp_topic_count":0,"_bbp_reply_count":0,"_bbp_total_topic_count":0,"_bbp_total_reply_count":0,"_bbp_voice_count":0,"_bbp_anonymous_reply_count":0,"_bbp_topic_count_hidden":0,"_bbp_reply_count_hidden":0,"_bbp_forum_subforum_count":0,"ngg_post_thumbnail":0,"footnotes":""},"class_list":["post-1079","page","type-page","status-publish","has-post-thumbnail","hentry"],"aioseo_notices":[],"_links":{"self":[{"href":"https:\/\/asociacioncmysabel.es\/index.php\/wp-json\/wp\/v2\/pages\/1079","targetHints":{"allow":["GET"]}}],"collection":[{"href":"https:\/\/asociacioncmysabel.es\/index.php\/wp-json\/wp\/v2\/pages"}],"about":[{"href":"https:\/\/asociacioncmysabel.es\/index.php\/wp-json\/wp\/v2\/types\/page"}],"author":[{"embeddable":true,"href":"https:\/\/asociacioncmysabel.es\/index.php\/wp-json\/wp\/v2\/users\/1"}],"replies":[{"embeddable":true,"href":"https:\/\/asociacioncmysabel.es\/index.php\/wp-json\/wp\/v2\/comments?post=1079"}],"version-history":[{"count":3,"href":"https:\/\/asociacioncmysabel.es\/index.php\/wp-json\/wp\/v2\/pages\/1079\/revisions"}],"predecessor-version":[{"id":1091,"href":"https:\/\/asociacioncmysabel.es\/index.php\/wp-json\/wp\/v2\/pages\/1079\/revisions\/1091"}],"wp:featuredmedia":[{"embeddable":true,"href":"https:\/\/asociacioncmysabel.es\/index.php\/wp-json\/wp\/v2\/media\/1087"}],"wp:attachment":[{"href":"https:\/\/asociacioncmysabel.es\/index.php\/wp-json\/wp\/v2\/media?parent=1079"}],"curies":[{"name":"wp","href":"https:\/\/api.w.org\/{rel}","templated":true}]}}

<h2 class="wp-block-heading has-vivid-cyan-blue-color has-text-color has-link-color wp-elements-39a9289ca6b5bee6a474a97df14dcc8f">Fanzine Ysabelino (1987-1990)</h2>



<p style="font-size:15px">Symulacro 19 salió, en 1987, de las cabezas de cuatro colegiales Félix García Gámez,  Manuel García Pecino, Javier Rodríguez Navarrete (Vito) y Juan Eduardo Sánchez Martínez.</p>



<p style="font-size:15px">En esta sección incorporamos los números disponibles, si bien el formato cambia respecto al original. En unos casos, como el 1, era un cuadernillo doblado de páginas en formato A4 grapadas en el lomo. El número 3 y el 6 fueron eran páginas A3 dobladas que se desplegaban. Al no disponer de un ejemplar del número 5 las imágenes están tomadas de las maqueta que se fotocopió para distribuir las copias.</p>



<p style="font-size:15px">La impresión corría a cargo de la Reprografía del Hospital Real, a donde las llevaba el subdirector que actuaba de enlace. El número 6 salió en otoño de 1989 y el número 7, de primavera, nunca llegó a salir.</p>



<p style="font-size:15px">Tras la salida de Vito y Pecino, últimos fancineros colegiales, desapareció este medio.</p>



<p class="has-black-color has-text-color" style="font-size:15px">Como curiosidad se usó la figura del elefante como referencia a un colegial al que se le atribuía ser gafe con solo mencionar su nombre. Así que el elefante no tiene nombre para evitar el malfario.</p>



<div class="wp-block-columns is-layout-flex wp-container-core-columns-is-layout-9d6595d7 wp-block-columns-is-layout-flex">
<div class="wp-block-column is-vertically-aligned-center is-layout-flow wp-block-column-is-layout-flow" style="flex-basis:100%">
<div class="wp-block-group"><div class="wp-block-group__inner-container is-layout-constrained wp-block-group-is-layout-constrained">
<figure class="wp-block-gallery has-nested-images columns-default is-cropped wp-block-gallery-1 is-layout-flex wp-block-gallery-is-layout-flex">
<figure class="wp-block-image size-large"><a href="https://asociacioncmysabel.es/wp-content/uploads/2024/05/Symulacro-19_1_1987-1988.pdf" target="_blank" rel="noreferrer noopener"><img fetchpriority="high" decoding="async" width="733" height="1024" data-id="1087" src="https://asociacioncmysabel.es/wp-content/uploads/2024/05/Imagen-5-Copy-733x1024.jpg" alt="" class="wp-image-1087" srcset="https://asociacioncmysabel.es/wp-content/uploads/2024/05/Imagen-5-Copy-733x1024.jpg 733w, https://asociacioncmysabel.es/wp-content/uploads/2024/05/Imagen-5-Copy-215x300.jpg 215w, https://asociacioncmysabel.es/wp-content/uploads/2024/05/Imagen-5-Copy-768x1072.jpg 768w, https://asociacioncmysabel.es/wp-content/uploads/2024/05/Imagen-5-Copy-1100x1536.jpg 1100w, https://asociacioncmysabel.es/wp-content/uploads/2024/05/Imagen-5-Copy-1467x2048.jpg 1467w, https://asociacioncmysabel.es/wp-content/uploads/2024/05/Imagen-5-Copy-scaled.jpg 1834w" sizes="(max-width: 733px) 100vw, 733px" /></a></figure>



<figure class="wp-block-image size-large"><a href="https://asociacioncmysabel.es/wp-content/uploads/2024/05/Symulacro-19_3_1988-1989.pdf" target="_blank" rel="noreferrer noopener"><img decoding="async" width="738" height="1024" data-id="1085" src="https://asociacioncmysabel.es/wp-content/uploads/2024/05/Imagen-00-2-738x1024.jpg" alt="" class="wp-image-1085" srcset="https://asociacioncmysabel.es/wp-content/uploads/2024/05/Imagen-00-2-738x1024.jpg 738w, https://asociacioncmysabel.es/wp-content/uploads/2024/05/Imagen-00-2-216x300.jpg 216w, https://asociacioncmysabel.es/wp-content/uploads/2024/05/Imagen-00-2-768x1065.jpg 768w, https://asociacioncmysabel.es/wp-content/uploads/2024/05/Imagen-00-2-1107x1536.jpg 1107w, https://asociacioncmysabel.es/wp-content/uploads/2024/05/Imagen-00-2-1476x2048.jpg 1476w, https://asociacioncmysabel.es/wp-content/uploads/2024/05/Imagen-00-2-scaled.jpg 1845w" sizes="(max-width: 738px) 100vw, 738px" /></a></figure>



<figure class="wp-block-image size-large"><a href="https://asociacioncmysabel.es/wp-content/uploads/2024/05/Symulacro-19_5_1988-1989.pdf" target="_blank" rel="noreferrer noopener"><img decoding="async" width="784" height="1024" data-id="1084" src="https://asociacioncmysabel.es/wp-content/uploads/2024/05/Portada-784x1024.jpg" alt="" class="wp-image-1084" srcset="https://asociacioncmysabel.es/wp-content/uploads/2024/05/Portada-784x1024.jpg 784w, https://asociacioncmysabel.es/wp-content/uploads/2024/05/Portada-230x300.jpg 230w, https://asociacioncmysabel.es/wp-content/uploads/2024/05/Portada-768x1003.jpg 768w, https://asociacioncmysabel.es/wp-content/uploads/2024/05/Portada-1176x1536.jpg 1176w, https://asociacioncmysabel.es/wp-content/uploads/2024/05/Portada-1569x2048.jpg 1569w, https://asociacioncmysabel.es/wp-content/uploads/2024/05/Portada.jpg 1924w" sizes="(max-width: 784px) 100vw, 784px" /></a></figure>
</figure>
</div></div>
</div>
</div>



<figure class="wp-block-image size-large"><img loading="lazy" decoding="async" width="1024" height="738" src="https://asociacioncmysabel.es/wp-content/uploads/2024/05/Imagen-52-2-1024x738.jpg" alt="" class="wp-image-1089" srcset="https://asociacioncmysabel.es/wp-content/uploads/2024/05/Imagen-52-2-1024x738.jpg 1024w, https://asociacioncmysabel.es/wp-content/uploads/2024/05/Imagen-52-2-300x216.jpg 300w, https://asociacioncmysabel.es/wp-content/uploads/2024/05/Imagen-52-2-768x554.jpg 768w, https://asociacioncmysabel.es/wp-content/uploads/2024/05/Imagen-52-2-1536x1107.jpg 1536w, https://asociacioncmysabel.es/wp-content/uploads/2024/05/Imagen-52-2-2048x1476.jpg 2048w" sizes="(max-width: 1024px) 100vw, 1024px" /></figure>

<p>Fanzine Ysabelino (1987-1990) Symulacro 19 salió, en 1987, de las cabezas de cuatro colegiales Félix García Gámez, Manuel García Pecino, Javier Rodríguez Navarrete (Vito) y Juan Eduardo Sánchez Martínez. En esta sección incorporamos los números disponibles, si bien el formato &hellip; </p>
